s -140663 (base 7) in base 15?
-7dd5
-178b (base 14) to base 4
-1002033
Convert 46523 (base 7) to base 10.
11924
Convert 84 (base 14) to base 16.
74
-20101212 (base 3) to base 5
-122132
What is 213022 (base 4) in base 16?
9ca
Convert 2681 (base 16) to base 14.
3841
Convert -45 (base 13) to base 10.
-57
What is 234565 (base 8) in base 14?
2135b
Convert -107511 (base 9) to base 5.
-4031232
1001000010 (base 2) to base 14
2d4
Convert -6546 (base 10) to base 14.
-2558
-330211 (base 4) to base 6
-25541
What is -a21 (base 15) in base 13?
-1066
Convert 6a2 (base 12) to base 6.
4322
-11430 (base 6) to base 2
-11010001010
What is 2432 (base 8) in base 14?
694
-3330022 (base 4) to base 12
-940a
Convert 12232200 (base 4) to base 15.
826c
3022 (base 5) to base 10
387
Convert 20b6 (base 13) to base 9.
6207
What is -340 (base 8) in base 3?
-22022
-100110101000 (base 2) to base 9
-3346
Convert -1130 (base 7) to base 4.
-12131
Convert 21484 (base 10) to base 5.
1141414
What is -10000000100111 (base 2) in base 4?
-2000213
What is -6130 (base 7) in base 9?
-2824
Convert d82 (base 15) to base 16.
be7
What is 928 (base 11) in base 7?
3156
3946 (base 11) to base 8
12014
What is 977 (base 14) in base 12?
10b9
4c49 (base 15) to base 10
16269
-1b0 (base 13) to base 7
-624
What is -1011111111110 (base 2) in base 14?
-234a
What is 2124 (base 5) in base 10?
289
-353441 (base 7) to base 14
-192c8
Convert -a40 (base 12) to base 4.
-113100
What is -98 (base 13) in base 8?
-175
What is -523 (base 6) in base 4?
-3003
What is -422231 (base 5) in base 6?
-145042
What is -1268 (base 12) in base 10?
-2096
16704 (base 8) to base 5
220440
Convert 12 (base 8) to base 15.
a
Convert -101110000 (base 2) to base 11.
-305
Convert 40c4 (base 13) to base 11.
67a5
12 (base 10) to base 6
20
What is 101011000110 (base 2) in base 14?
1010
Convert -1492 (base 11) to base 5.
-30131
What is -14a27 (base 11) in base 16?
-52d4
What is -4413 (base 7) in base 8?
-3052
-140 (base 11) to base 3
-20010
4340 (base 12) to base 3
101010210
What is 354525 (base 6) in base 13?
11087
11002323 (base 4) to base 8
50273
What is -122121 (base 3) in base 8?
-733
e9 (base 16) to base 3
22122
What is 76 (base 11) in base 2?
1010011
-21a8 (base 13) to base 2
-1001001011101
528 (base 12) to base 6
3252
Convert 220313 (base 4) to base 5.
40430
Convert -30102 (base 4) to base 5.
-11121
What is 10788 (base 10) in base 8?
25044
Convert 452032 (base 6) to base 7.
215615
What is -1623 (base 10) in base 9?
-2203
1959 (base 10) to base 4
132213
What is -22210 (base 6) in base 14?
-11b8
Convert 30201 (base 4) to base 14.
413
What is 1656 (base 9) in base 8?
2362
What is -413124 (base 6) in base 11?
-22961
What is -4841 (base 13) in base 15?
-3048
What is 3776 (base 11) in base 5?
124143
What is -244 (base 7) in base 4?
-2002
What is 628 (base 13) in base 15?
49d
Convert 6514 (base 9) to base 4.
1022320
What is 3ab (base 13) in base 15?
2d3
111010 (base 4) to base 16
544
What is -1642 (base 8) in base 6?
-4150
-3 (base 12) to base 2
-11
Convert -2642 (base 8) to base 9.
-1872
What is -5c (base 16) in base 13?
-71
What is 55b (base 14) in base 13?
638
-8a8 (base 12) to base 13
-776
154e (base 16) to base 11
4109
Convert 413511 (base 6) to base 4.
20013103
-1142 (base 5) to base 7
-334
What is 617 (base 8) in base 9?
483
15199 (base 12) to base 4
13033011
2263 (base 7) to base 12
591
What is 302323 (base 4) in base 5?
101014
What is -110 (base 14) in base 3?
-21210
24a3 (base 15) to base 7
31515
-23102211 (base 4) to base 11
-31821
Convert 584 (base 15) to base 4.
103201
Convert 5443 (base 6) to base 5.
20001
What is 110101111110 (base 2) in base 12?
1bba
What is 13b (base 13) in base 12?
163
What is 7479 (base 16) in base 12?
15309
What is e8a (base 16) in base 3?
12002212
Convert 441322 (base 6) to base 8.
107422
Convert 1010111101011 (base 2) to base 4.
1113223
What is 127 (base 11) in base 15?
a0
What is -16185 (base 9) in base 2?
-10101101010101
-47959 (base 12) to base 9
-156216
1 (base 14) to base 9
1
5042 (base 8) to base 15
b7e
Convert 20487 (base 12) to base 11.
2973a
Convert 4323 (base 5) to base 9.
723
Convert -10233302 (base 4) to base 15.
-5b62
10838 (base 13) to base 15
8d25
What is 98d (base 15) in base 16?
86e
What is -7332 (base 15) in base 11?
-17324
What is -53 (base 6) in base 16?
-21
Convert -8727 (base 9) to base 16.
-1918
What is 11011001001 (base 2) in base 3?
2101100
Convert -20dc (base 14) to base 6.
-42150
Convert 770 (base 9) to base 14.
330
Convert 114 (base 5) to base 9.
37
Convert 3362 (base 11) to base 9.
6055
Convert 1656 (base 13) to base 16.
cd2
Convert 11011101 (base 2) to base 12.
165
What is 20312 (base 4) in base 16?
236
1217 (base 8) to base 15
2da
13010 (base 4) to base 15
202
Convert 1075 (base 9) to base 15.
382
-1101011 (base 3) to base 9
-1334
1331320 (base 4) to base 14
2d16
What is -334 (base 5) in base 9?
-114
3841 (base 11) to base 7
20411
-909a (base 12) to base 7
-63454
Convert 362 (base 10) to base 3.
111102
What is 97b1 (base 13) in base 16?
526c
Convert 110103 (base 5) to base 12.
222a
What is -203103 (base 4) in base 2?
-100011010011
-ca21 (base 13) to base 9
-42461
Convert 393 (base 14) to base 10.
717
Convert -2301222 (base 4) to base 6.
-124350
32331 (base 5) to base 4
202220
-1222122 (base 3) to base 2
-10110101000
Convert -100032 (base 6) to base 9.
-11622
-33511 (base 6) to base 14
-1a15
Convert 1305 (base 8) to base 6.
3141
Convert -10c0 (base 15) to base 12.
-2083
What is -2423 (base 5) in base 14?
-1bd
What is -1200221000 (base 3) in base 16?
-82c8
Convert 1501 (base 8) to base 12.
595
What is -22350 (base 6) in base 7?
-12135
-14c (base 16) to base 10
-332
Convert 15053 (base 7) to base 6.
31122
What is -3575 (base 14) in base 5?
-244230
-31100112 (base 4) to base 8
-152026
What is -30 (base 10) in base 5?
-110
What is -30b7 (base 16) in base 5?
-344341
Convert 353a (base 13) to base 15.
2340
What is 40c (base 13) in base 15?
30d
-101603 (base 7) to base 14
-6503
Convert -1020 (base 5) to base 16.
-87
What is -63636 (base 7) in base 10?
-15756
Convert -711 (base 14) to base 7.
-4021
What is 4dc (base 16) in base 15?
57e
Convert 101535 (base 6) to base 15.
2665
What is 3a3 (base 14) in base 4?
23123
What is 10111101 (base 2) in base 3?
21000
What is 199 (base 12) in base 4?
10011
What is -11200120 (base 3) in base 14?
-1361
-4461 (base 11) to base 6
-43111
What is 6386 (base 9) in base 5?
122240
-a846 (base 13) to base 10
-23380
Convert -20114 (base 5) to base 9.
-1676
3222 (base 6) to base 13
446
Convert -223131 (base 4) to base 14.
-1029
What is 7563 (base 15) in base 7?
132300
Convert 204 (base 6) to base 14.
56
-843 (base 11) to base 16
-3f7
Convert -3032023 (base 4) to base 3.
-200002201
What is -23c9 (base 15) in base 14?
-2abc
What is -3554 (base 6) in base 12?
-5ba
43 (base 15) to base 8
77
Convert 20111220 (base 3) to base 7.
16563
4414 (base 5) to base 6
2453
What is -110113 (base 4) in base 10?
-1303
Convert 2011 (base 5) to base 12.
194
Convert 10007 (base 9) to base 11.
4a31
-15909 (base 10) to base 3
-210211020
What is 28b7 (base 13) in base 16?
1708
c073 (base 13) to base 3
1100021221
306f (base 16) to base 7
51102
-537 (base 13) to base 8
-1573
What is -222112201 (base 3) in base 16?
-4b97
-815 (base 13) to base 5
-20440
What is 333101 (base 4) in base 2?
111111010001
What is -6 (base 13) in base 16?
-6
Convert -946 (base 10) to base 8.
-1662
-20012020 (base 3) to base 4
-1012203
-783 (base 10) to base 11
-652
Convert -10564 (base 7) to base 9.
-3621
What is 229 (base 12) in base 4?
11001
Convert 5697 (base 10) to base 3.
21211000
-1ee2 (base 16) to base 15
-2521
45252 (base 6) to base 12
3828
Convert -9a90 (base 14) to base 16.
-689e
Convert -42 (base 9) to base 3.
-1102
What is -55300 (base 6) in base 13?
-364b
1626 (base 11) to base 14
a8d
Convert 2b4 (base 15) to base 16.
26b
15a (base 12) to base 11
185
What is 7e (base 16) in base 15?
86
Convert -6602 (base 8) to base 6.
-24002
Convert -1a8 (base 14) to base 11.
-293
What is 25 (base 16) in base 14?
29
Convert 212121220 (base 3) to base 14.
63c3
Convert -15434 (base 6) to base 12.
-157a
Convert -2f02 (base 16) to base 4.
-2330002
What is -3c1 (base 13) in base 16?
-298
What is -2263 (base 